100100000100011
In base 4, what is -112100331023313 - 10?
-112100331023323
In base 12, what is -12260a - -1a?
-1225b0
In base 16, what is 5d - -18335e?
1833bb
In base 4, what is 1123 + 11210?
12333
In base 4, what is 1213100 - -132102?
2011202
In base 10, what is 167207 + -9?
167198
In base 6, what is 1 - -10433541?
10433542
In base 16, what is 326 - 17c8?
-14a2
In base 13, what is 222 - 1b51b?
-1b2c9
In base 5, what is 420032 - 1111?
413421
In base 15, what is 523b04 - -4?
523b08
In base 10, what is 2 + 223931087?
223931089
In base 2, what is 1011110011110 + 101101101?
1100100001011
In base 14, what is -1 - 4c8b6b1?
-4c8b6b2
In base 2, what is 10110000110001 - -10110000101?
11000110110110
In base 8, what is -173526112 + 0?
-173526112
In base 14, what is -290c131 - 3?
-290c134
In base 5, what is -4113313 + 3310?
-4110003
In base 8, what is -6466161 - -3?
-6466156
In base 15, what is -1a712 - -923?
-19cde
In base 5, what is -124110033 + 1112?
-124103421
In base 2, what is -111001110001010 - 101101001?
-111010011110011
In base 7, what is 21016522 - -16?
21016541
In base 6, what is 34224 - -241210?
315434
In base 11, what is 20175 - 22?
20153
In base 9, what is 1 + 28774010?
28774011
In base 6, what is -1330024315 + 2?
-1330024313
In base 13, what is -41ba53 + 150?
-41b903
In base 11, what is -3 - -29a0897?
29a0894
In base 12, what is 38a53733 - 3?
38a53730
In base 7, what is 5233 + -5235?
-2
In base 5, what is 43141 + -20343?
22243
In base 13, what is 80c0071 - -5?
80c0076
In base 9, what is 64 - 205655?
-205581
In base 16, what is be4 + -183e?
-c5a
In base 3, what is 21210200010121221 + -10?
21210200010121211
In base 6, what is 1 - 400041443?
-400041442
In base 5, what is 4 + -2330014224?
-2330014220
In base 8, what is 66544063 - -4?
66544067
In base 9, what is 21083280 + -5?
21083274
In base 8, what is 1211110 + -22?
1211066
In base 2, what is 1110010111 - 111000100101101011?
-111000010111010100
In base 2, what is -11100010000010001110000 - 1?
-11100010000010001110001
In base 13, what is -7343 - -1691?
-5982
In base 8, what is 42136 + 52737?
115075
In base 7, what is 3 - -60040403?
60040406
In base 12, what is -5 + 22b62a3?
22b629a
In base 6, what is 11043414 + -253?
11043121
In base 2, what is -10100 - -101100000000011010100?
101100000000011000000
In base 4, what is 1103323 - -120101010?
121210333
In base 4, what is -1 + 210221022?
210221021
In base 12, what is 16ba22 - 120?
16b902
In base 10, what is 4229722 + 26?
4229748
In base 16, what is -6d3c4 - -97?
-6d32d
In base 14, what is 1096d - 10c?
10861
In base 13, what is -9 - -643807?
6437cb
In base 11, what is 3 + 82a2103?
82a2106
In base 3, what is 12 - -101120022112212?
101120022120001
In base 15, what is -376 + 4cd2?
495b
In base 16, what is 112 - 353b?
-3429
In base 15, what is 1 + 32c1e7?
32c1e8
In base 8, what is -2441 + -172432?
-175073
In base 6, what is 511 + 133533144?
133534055
In base 2, what is -10010111010101011 - -101010011?
-10010110101011000
In base 3, what is -12122 + 1221121122122?
1221121110000
In base 13, what is 239 - 11146?
-10c0a
In base 15, what is -c + 1db373?
1db366
In base 6, what is -1503201524 - -3?
-1503201521
In base 9, what is 655 - -73045?
73711
In base 16, what is b31fd3 - -1?
b31fd4
In base 11, what is -40a04 + 479?
-40536
In base 14, what is 3 - 1b1a7a1?
-1b1a79c
In base 7, what is 204421 - -23122?
230543
In base 8, what is 1 - 31705554?
-31705553
In base 2, what is -10001011011111 + -101001010000?
-10110100101111
In base 13, what is 8594c8 - 4?
8594c4
In base 12, what is 17809a - 507?
177793
In base 11, what is 190255990 + -1?
19025598a
In base 15, what is -12a - -a5b1?
a486
In base 8, what is -4737747 + 4?
-4737743
In base 3, what is -202012 - 1022112221?
-1100022010
In base 12, what is -2090 - -54b6?
3426
In base 2, what is 10100001100110 - -1101000?
10100011001110
In base 5, what is -4113344 - -200324?
-3413020
In base 3, what is -20101222001210021 + -2?
-20101222001210100
In base 14, what is -10 + 712341?
712331
In base 11, what is -937468 + 48?
-937420
In base 12, what is -4168b20 - -24?
-4168ab8
In base 10, what is -1 - -1809970?
1809969
In base 12, what is 41 + 45a3b75?
45a3bb6
In base 3, what is 1011212202 - 21020?
1011121112
In base 8, what is -455 + -50464?
-51141
In base 9, what is -3 - -5240743?
5240740
In base 9, what is 101063451 - -3?
101063454
In base 10, what is 88901415 - -10?
88901425
In base 12, what is 2251 + -b220?
-8b8b
In base 13, what is -58890a - 1?
-58890b
In base 5, what is -1 - 132124210130?
-132124210131
In base 4, what is 22003221301 + 3?
22003221310
In base 4, what is 13203030300 + 10?
13203030310
In base 6, what is 2234250 - 2005?
2232241
In base 3, what is -2200011 - -12010002?
2102221
In base 4, what is 3002322 - 2222110?
120212
In base 15, what is 4ae09 + -29a?
4ab5e
In base 11, what is 81 - 156452?
-156381
In base 3, what is -120102201 - -210120120?
20010212
In base 2, what is -1101010111100010101000 + -10111?
-1101010111100010111111
In base 15, what is -72d - -2aa1?
2373
In base 4, what is 303100 - -322120?
1231220
In base 9, what is -23718 - -23570?
-138
In base 13, what is 3a48 - -3413?
715b
In base 4, what is -121002230001 - -10?
-121002223331
In base 3, what is -1001000 + 11210202212?
11202201212
In base 2, what is -1011110100010110110111111 - 111?
-1011110100010110111000110
In base 7, what is 400266 - 3400?
363566
In base 2, what is -101 - 1110111001011011100001001110?
-1110111001011011100001010011
In base 3, what is -100201111101011 + 1220?
-100201111022021
In base 2, what is 1100101101 + -1111000101000?
-1101011111011
In base 11, what is -172457 - 342?
-172799
In base 14, what is -3b + -10468?
-104a5
In base 15, what is -111a5b3 + 1?
-111a5b2
In base 12, what is -94360 + -23?
-94383
In base 7, what is 3 - -1345530544?
1345530550
In base 16, what is d637 - -27?
d65e
In base 15, what is 8d - 1108?
-106a
In base 8, what is -457375523 + -5?
-457375530
In base 11, what is -6a52 - 859a?
-14541
In base 9, what is 11 + -1537382?
-1537371
In base 4, what is -212111 + -2110332?
-2323103
In base 11, what is -1435466 + -316?
-1435781
In base 10, what is -3528 + 2069?
-1459
In base 13, what is -10b + -94221?
-9432c
In base 2, what is 100010000110 + -10011001001010?
-1110111000100
In base 3, what is -10201010212 + 110?
-10201010102
In base 15, what is 238 - 4881b?
-485d3
In base 8, what is -44335 - 3767?
-50324
In base 10, what is -111741 + -403?
-112144
In base 11, what is -4054 + -422?
-4476
In base 15, what is -11ac1 + e1?
-119d0
In base 14, what is 0 + 181039?
181039
In base 8, what is -7665554407 + 0?
-7665554407
In base 14, what is 2 + -450a?
-4508
In base 13, what is 3816024 - -3c?
3816063
In base 4, what is -332 + -1311323102?
-1311330100
In base 11, what is 2 + 10aa81309?
10aa81310
In base 12, what is -3528 - -9aba?
6592
In base 11, what is -8 - -68838a?
688382
In base 3, what is 100 + -1021121100022?
-1021121022222
In base 8, what is 161 + 4112322?
4112503
In base 6, what is 114534530 + 2?
114534532
In base 6, what is 110154132 + 1?
110154133
In base 9, what is -1 + 1805242?
1805241
In base 3, what is 2001222122022 + 0?
2001222122022
In base 7, what is -4303660 + 21?
-4303636
In base 3, what is 10 - 101212122000101?
-101212122000021
In base 13, what is 2566102 + 5?
2566107
In base 16, what is 64d9 + 1b?
64f4
In base 9, what is 154 - 1134600?
-1134435
In base 14, what is -1 - 308d006?
-308d007
In base 5, what is -4 + 1030114043?
1030114034
In base 11, what is 22a1a3 + -4?
22a19a
In base 6, what is 40311530 + 15?
40311545
In base 7, what is 51 - -12010255?
12010336
In base 5, what is -4 + -30331212203?
-30331212212
In base 5, what is 14 + 133031322?
133031341
In base 6, what is 4544200 - 145?
4544011
In base 10, what is -218630 - -3955?
-214675
In base 9, what is 3027608 - 1?
3027607
In base 8, what is -21 + 21265246?
21265225
In base 12, what is 2 - 639b89?
-639b87
In base 12, what is -945979 + -5?
-945982
In base 13, what is -a3a38 - -11b?
-a391a
In base 10, what is 810633 - 41?
810592
In base 5, what is -21 - 1240333?
-1240404
In base 8, what is -1245174 - 214?
-1245410
In base 13, what is 2155 - 25bc?
-467
In base 3, what is 1002011202012 - 20?
1002011201222
In base 9, what is -221 - 41634?
-41855
In base 7